{"id":311,"date":"2014-11-20T13:33:32","date_gmt":"2014-11-20T12:33:32","guid":{"rendered":"http:\/\/industrigummi.se\/?page_id=311"},"modified":"2015-10-09T10:32:04","modified_gmt":"2015-10-09T08:32:04","slug":"samarbetspartners","status":"publish","type":"page","link":"https:\/\/industrigummi.se\/index.php\/produkter\/samarbetspartners\/","title":{"rendered":"Reservdelskit"},"content":{"rendered":"<p><\/p>\n<div class=\"one_half tt-column\"><h2>Reservdelskit<\/h2>\n<p>Vi kan leverera f\u00e4rdiga reservdelskit inneh\u00e5llande b\u00e5de egentillverkade artiklar och andra typer av produkter. Korta st\u00e4lltider g\u00f6r det m\u00f6jligt f\u00f6r oss att vara effektiva b\u00e5de p\u00e5 kortare och l\u00e4ngre seriestorlekar.<\/p>\n<\/div><div class=\"one_half_last tt-column\"><\/div><br class=\"clear\" \/>","protected":false},"excerpt":{"rendered":"<p><\/p>\n","protected":false},"author":2,"featured_media":0,"parent":670,"menu_order":3,"comment_status":"closed","ping_status":"closed","template":"","meta":{"footnotes":""},"_links":{"self":[{"href":"https:\/\/industrigummi.se\/index.php\/wp-json\/wp\/v2\/pages\/311"}],"collection":[{"href":"https:\/\/industrigummi.se\/index.php\/wp-json\/wp\/v2\/pages"}],"about":[{"href":"https:\/\/industrigummi.se\/index.php\/wp-json\/wp\/v2\/types\/page"}],"author":[{"embeddable":true,"href":"https:\/\/industrigummi.se\/index.php\/wp-json\/wp\/v2\/users\/2"}],"replies":[{"embeddable":true,"href":"https:\/\/industrigummi.se\/index.php\/wp-json\/wp\/v2\/comments?post=311"}],"version-history":[{"count":6,"href":"https:\/\/industrigummi.se\/index.php\/wp-json\/wp\/v2\/pages\/311\/revisions"}],"predecessor-version":[{"id":641,"href":"https:\/\/industrigummi.se\/index.php\/wp-json\/wp\/v2\/pages\/311\/revisions\/641"}],"up":[{"embeddable":true,"href":"https:\/\/industrigummi.se\/index.php\/wp-json\/wp\/v2\/pages\/670"}],"wp:attachment":[{"href":"https:\/\/industrigummi.se\/index.php\/wp-json\/wp\/v2\/media?parent=311"}],"curies":[{"name":"wp","href":"https:\/\/api.w.org\/{rel}","templated":true}]}}